ate -20 - -8 - (-9 - -13 - 2 - 4).
-10
154 + -181 + (19 - 0)
-8
Evaluate -12 + (21 + -13 - -4) + 13.
13
19 + 0 + -1 + (-68 - -28) + 38
16
Calculate (23 - (18 + 11)) + 8 - (1 - 3).
4
What is the value of (10 + -25 - -21) + -9?
-3
-644 + 634 + (22 - -2)
14
Calculate -11 - (-16 + 12 - 8).
1
What is the value of 9 - 1 - ((-8 + 17 - 22) + 22)?
-1
1 + -3 + (-50 - (-42 - -4))
-14
Evaluate 18 + (5 - 13 - 1 - (-2 + -4)).
15
What is 4 + 1 + 6 + -39 + 40 - 3?
9
What is the value of -5 - ((-2 - 6) + -1 - (42 - 44))?
2
What is the value of -10 + (-12 - (-13 - -2))?
-11
What is the value of (42 - 37) + (5 - (0 + 3)) - 0?
7
-5 + -1 + (57 - 42) - 28
-19
Evaluate 6 - (-8 - (-5 + -7 + 10)).
12
What is the value of 58 - (33 + -10 - -8)?
27
What is the value of -9 + (-5 - 1 - -3) + 1?
-11
Calculate (0 - -2 - -4) + (-117 - -112).
1
What is the value of 2 + (-7 - 3) + 1?
-7
What is the value of 16 + -16 - (-8 - 0 - 1 - -3)?
6
What is -20 + (12 + -40 - -23)?
-25
Calculate 41 - (43 - 3) - (7 + -1) - -16.
11
What is the value of -11 + 0 + 10 + -3 + 0 + 4?
0
13 - (1 - (-12 - -9 - 10))
-1
What is the value of 8 - 11 - (-11 - (-4 + 3))?
7
What is the value of -20 - (-7 + -3 + 4 + (-18 - -16))?
-12
Calculate -9 - (-26 + 5) - -3.
15
Evaluate 3 - (12 - (-10 + 12 + 3)).
-4
Calculate -64 + 19 - -21 - 4.
-28
-5 + 7 + (-21 - -20)
1
What is the value of -7 + (-6 - 4 - -23)?
6
Calculate -11 + (3 + 1 - 6) + 11.
-2
-39 + 0 + 44 - -18
23
What is the value of 12 - (11 - (12 + 10 + -13))?
10
What is the value of (5 - -3) + 11 + (-36 - -10)?
-7
Evaluate -421 - -435 - (-3 + 30).
-13
What is 14 + -2 + -46 + 39 - (1 + 0)?
4
Evaluate (8 - 2 - 0) + (69 - 105) + 29.
-1
What is the value of 6 - 5 - (-24 + 29 - 5)?
1
10 - 2 - (-7 + 15 + -5)
5
-2 + (-1 - (-5 + 6)) - (-23 + 22)
-3
Calculate 1 - ((-38 - -38) + (2 - -1)).
-2
5 + (9 - ((-5 - -4) + 4 - 6))
17
Evaluate -3 + (-99 + 89 - (-9 - -1)).
-5
Evaluate 6 - (3 + 0 - (5 + -15 + 17)).
10
Evaluate 7 + -1 - (-34 - (-7 - 28)).
5
Evaluate -6 - (2 + -32) - 14.
10
31 + -9 + -12 + 2
12
Evaluate -35 - 1 - -32 - 17.
-21
(-27 - (-10 + -5)) + 14
2
Calculate 7 - (10 + (-4 - (17 - 9 - 4))).
5
Calculate (0 - 8 - 0) + 5 - (3 + -34).
28
Calculate 3 + 47 - (32 - 8).
26
What is the value of -3 - (-17 + 1 + -15 + 42)?
-14
Calculate (-83 - -29) + 16 + -9 + 15.
-32
13 - (-2 - (-2 + 1 + 2))
16
What is (-2 - (-13 + 20)) + (-12 - -21)?
0
What is -17 - -19 - (16 + -1)?
-13
10 + (-28 - -11) + -2 + 3
-6
(-8 - -3 - 8) + (-1 - 0)
-14
Evaluate -3 - (-7 - 11 - (-3 + -7)).
5
-235 - -230 - (1 + -25)
19
Calculate -8 - (4 - 2) - (-5 + (5 - 3)).
-7
Evaluate (5 - (1 - 3)) + (-22 - -17).
2
Calculate 610 - 614 - (1 - 0 - 10).
5
0 + 19 + -10 + 0 + 9
18
(172 - 154) + (0 - (-10 + 1))
27
What is the value of (-7 - 0) + 27 + 4 + -32?
-8
What is 1 - (-21 + (11 - -22))?
-11
What is the value of (-3 - (-6 - (9 - 4))) + -1?
7
(-5 - -3) + 18 + -3 + -11
2
What is -2 + (8 + -3 - 9 - -19)?
13
What is -1 + (-1 + 3 + -8 - (9 + -20))?
4
What is the value of -5 + (0 - 8) + 22?
9
6 - ((2 - -8) + -1)
-3
Calculate 1 - -6 - (-7 + 11) - 6.
-3
(-5 - (-2 + 2) - (-18 + 10)) + -4
-1
What is -19 + -1 + (-3 + -21 - -13)?
-31
Evaluate (-6 - -14 - 1) + -9 + 2.
0
What is (-2 - (3 - (4 - 6))) + -3 + -1?
-11
What is the value of -21 + 38 - 1 - 34?
-18
Calculate 6 + 1 + -8 + 16.
15
Evaluate 15 - 12 - 7 - 8.
-12
What is the value of 12 + -11 - 7 - (1 + 0 - -4)?
-11
-15 - (-27 + 1 + (4 - 20))
27
Evaluate 5 - 2 - 3 - (-20 - -26).
-6
Calculate 77 + -58 + 3 + -20 - (7 - 0).
-5
What is the value of (37 - 6) + -25 - (-3 - 2)?
11
Calculate (3 - -39) + -22 + -1.
19
-1 + 10 + 1 - (144 - 145)
11
Evaluate (11 - 12) + (-4 - 2) + 2 + 1.
-4
9 + (6 - 8 - 12) - -4
-1
-2 + (25 - 19) - 8
-4
Calculate 11 + (5 - (20 + -3)).
-1
What is -11 + 20 + 6 - 10?
5
What is -1 + -3 + (33 + -36 - (2 + -2))?
-7
Calculate 34 + -17 + -17 + -4.
-4
Calculate 9 - -7 - (10 + -6 + -6 + 9).
9
What is 7 + (10 - (2 + 0) - 19) + 7?
3
What is -58 + 59 - (1 + 2 + -1)?
-1
(-8 - 4) + (25 - 14)
-1
Evaluate 52 - (4 + 28 + -9).
29
What is the value of 0 + -9 + -5 + 3?
-11
What is 5 - (-2 - 9 - -1 - -14)?
1
25 + -24 + (-6 - (5 + -15))
5
Calculate 19 - (11 - 3 - 7 - -3).
15
What is 34 - 89 - -18 - -3?
-34
What is the value of (-7 + 3 - 3) + -2 + (-5 - -30)?
16
Calculate -35 + 11 + 3 + 9.
-12
What is 33 + -31 + 17 - 23?
-4
What is the value of (-1 - 2 - -2) + (-172 - -167) + 23?
17
44 - ((-10 - -1) + 33 + -19)
39
Evaluate -7 + 0 + 1 - (429 - 438).
3
What is (-1 - 8) + -9 + 33 + -14?
1
Calculate 6 - (-3 + 2 + -5).
12
What is (9 - (-13 + 18)) + 6 - -13?
23
What is the value of 5 + 3 - (-3 + 3 + (-3 - -37))?
-26
Evaluate 23 + (21 - 26) + -18.
0
-2 + 10 - (-22 - -23) - 2
5
What is 6 - ((11 - -1 - 0) + 775 + -767)?
-14
What is the value of 18 + -8 - (2 - (2 + -6))?
4
Evaluate (16 - 22) + -10 + 25.
9
7 - (-1 - (-10 - -9))
7
-23 + (1 - 0) + (-3 - 6) + 16
-15
Evaluate -15 + 38 + -15 + -3.
5
Evaluate 1 + -1 + 18 + -1 + (17 - 13).
21
Evaluate 3 + 14 + (-7 - -3) + -4.
9
What is -4 + (-34 - (-36 - -18))?
-20
Calculate 0 + 45 + (-320 - -297).
22
Calculate 17 + -5 + -55 + 34.
-9
Evaluate 2 + -10 + (37 - 8 - 7).
14
-10 - (0 + -10 - -14 - 10)
-4
What is the value of (4 - 4) + -6 - -10?
4
Calculate 34 - (69 - 21 - 7).
-7
What is 13 - 19 - (1 + 21)?
-28
What is the value of 0 - (-1 + (-9 - -17)) - (-16 + -1)?
10
3 - 11 - (-47 - (-5 + -33))
1
-1073 + 1068 - (1 + -13 + -1)
8
-43 + 38 - (-1 - (1 + -8))
-11
What is -21 - -31 - (-6 + 32 - -2)?
-18
Evaluate (0 - -4 - (-149 + 192)) + 8 + 2.
-29
Calculate 0 - -7 - (-7 - -2 - -3 - 5).
14
Calculate -59 + 75 - (3 + -2 + 3).
12
Evaluate 40 + -44 - ((-5 - -3) + 3 + -2).
-3
What is 3 + (2 - 8) + -2 + -13 + 19?
1
(31 - (31 + -18)) + -21
-3
Calculate -23 + 10 + -4 + 6.
-11
What is 0 - (15 - 13 - 19)?
17
Calculate 1 + 32 + (-156 - -140).
17
What is the value of (24 - 6 - (6 + -11)) + -14?
9
Calculate 5 - (6 - 0) - 4 - (-2 + 5).
-8
What is the value of -8 - (5 + -4 - 9) - 12?
-12
Calculate -43 - -33 - (3 + -3 + -4).
-6
Calculate 8 + -4 + 18 - (6 + -6 + 7).
15
Evaluate 0 + -7 - (6 + -18 + 11 - 1).
-5
What is 83 + -117 + (-2 - 0) + 14?
-22
What is the value of (5 - 9) + (-12 + 9 - 5)?
-12
(2 - -14) + 6 + -4
18
Calculate -138 + 117 + 21 + -1.
-1
What is the value of 10 + (10 - 22) - 16?
-18
What is 27 + 37 + (26 - 65)?
25
-10 + 17 + -26 + 28
9
What is -2 + 3 + 24 + (2 - 9)?
18
What is the value of 15 - 33 - (1 + 4 + (6 - 6))?
-23
Evaluate 13 + -17 + -4 + 2 + 4.
-2
Calculate (-2 - 12) + -30 + 41.
-3
What is the value of 43 + -13 + -44 + (2 - 0)?
-12
Calculate 0 - (2 + -7 - -24).
-19
Calculate -36 + 23 - -23 - 8.
2
Evaluate -3 - 1 - (0 + -27 + 12 + -4).
15
(0 - -3) + (-1 - (-2 + -1))
5
Evaluate -8 - ((0 - 21) + 22 - (-2 + 29)).
18
Evaluate -157 - -169 - (2 + 11).
-1
What is the value of 8 - (10 + 18 - (2 - 4)) - -3?
-19
What is the value of -21 + 3 + -7 + 17 + 10?
2
-1 - (1 + (0 - 3) + -3) - 5
-1
What is (-19 - -24) + -16 - (-15 - 3) - 34?
-27
What is (-1 - -1) + (-7 - -12) + (2 - 17)?
-10
Calculate 60 - (-25 + 33 - -30).
22
-16 + 1 - (-51 - -30)
6
What is the value of (9 - (9 - 29)) + -25?
4
What is the value of (32 - 9) + (-10 - 2)?
11
(29 + -23 - 29) + 12
-11
Calculate 1 + -30 + 0 + 5 - (15 + -18).
-21
What is -17 + (5 - (1 - -3 - 6 - -6))?
-16
(-12 - (-6 - -1)) + -1 + 13
5
(13 - 6 - 3) + (2 - 5) - 12
-11
What is -43 + 2 + 27 - -5?
-9
Evaluate -1 + 12 + -173 + 139.
-23
What is the value of 17 + 0 + -7 + -49 + 7?
-32
What is -321 + 316 - (0 + -1 + 3)?
-7
0 + (-3 - (31 + -64 + 8 + 1))
21
Evaluate (-19 - -16) + (4 - (-4 + -14 - 1)).
20
(-5 - -8) + -15 + 18
6
What is (-6 - (6 - (2 - 5))) + (-14 - -20)?
-9
What is the value of -6 - ((-10 + -2 - 4) + -3)?
13
Calculate -14 + (3 - (14 + -9)).
-16
Calculate (19 - 24) + (17 - -1 - 5 - -2).
10
Calculate (11 - (17 + 9)) + 29.
14
Calculate (-1 - 7) + -1 + 1 - (-10 + 1).
1
Calculate 8 + 1 + -3 + -7 + (0 - -6).
5
Evaluate (-1 - (-11 - -4)) + -7 + -1.
-2
7 - -5 - -13 - 13
12
Evaluate 11 - ((57 - 47) + 31).
-30
What is (-8 - (12 + -21) - 6) + -19?
-24
Calculate 5 - (-5 - -17) - (-89 - -66).
16
What is (1 - -18) + (-10 + -10 + 19 - 2)?
16
What is the value of -6 - ((62 - 97) + 0 + 5)?
24
Evaluate 7 + (-1 - (-5 + 1)) + 7.
17
What is 11 + -14 + 10 + -12 + -13?
-18
(8 - (2 - -1)) + -3 + (17 - 5)
14
What is -35 + 37 + (-1 - 1